= 4*d - 14681, -5*d - o = -11020 - 7295. What is the thousands digit of d?
3
Suppose 0 = -m + 6*m - 55. Let h = -9 + m. Suppose h*u + 44 = 4*u. What is the tens digit of u?
2
Let i = -57 + 62. Suppose i*r + 5*w - 505 = 0, -5*r + 76 = -5*w - 429. What is the hundreds digit of r?
1
Suppose 2*f = v - 3 + 5, -4*v + f + 13 = 0. Suppose 4 + v = 4*u. Suppose 3*l - 38 = u*l. What is the tens digit of l?
3
Suppose -4*r = 24 - 8. Let j = r - -7. What is the units digit of j?
3
Let z(v) = 32*v - 11. Let r be z(8). Let f = r + -163. What is the units digit of f?
2
Let y(c) = c**3 - 15*c**2 - 17*c + 18. What is the hundreds digit of y(17)?
3
Suppose 2*a = -167 + 845. What is the hundreds digit of a?
3
Suppose 0 = -4*n + n + 9. Suppose -4*w = n*x - 23, 5*w - 6*w = 4*x - 22. Suppose 0 = -x*f - 2*c + 120, -c - 109 = -3*f - f. What is the units digit of f?
6
Let n(o) be the third derivative of o**5/60 - 5*o**4/12 + 2*o**3/3 - 46*o**2. What is the hundreds digit of n(17)?
1
Let a(r) = -r**3 - 5*r**2 + 6. Let m be a(-5). Suppose 0*h + 2*h = m. Suppose 4*s + 0 + 47 = h*j, -5*s - 25 = 0. What is the units digit of j?
9
Suppose 0 = -4*a - 2*g + 2368, 1754 = 3*a - 6*g + 2*g. What is the units digit of a?
0
Suppose 3*y = -4*j + 9, 2*y + 8 = 4*j - 2*j. Suppose 321 = 4*q + 5*k, j*q + 2*k - 160 = q. What is the units digit of q?
9
Let t = 3957 - 1578. What is the hundreds digit of t?
3
Suppose 5*a - 20 = 0, -6*a + 16286 = 5*t - 2*a. What is the thousands digit of t?
3
Suppose -2*j - 9 = j, -3*p + 18 = 5*j. Let o = p + -11. Suppose -3*u - 4*s + 37 = o, -4*u + 45 + 21 = -3*s. What is the tens digit of u?
1
Let h(x) = -x + 13. Let z be h(8). Suppose -3*j - 2*l + z = 0, -2*j = j + 3*l - 3. Suppose -2*w = -g + 4 + 34, -3*w = -j. What is the tens digit of g?
4
Let f(l) = 37*l - 2 - 3 - 35*l. Let o be f(10). Let v = o + -12. What is the units digit of v?
3
Suppose 0 = -4*v + 818 + 3650. What is the tens digit of v?
1
Suppose 5*x + 10 = 0, -3*y = -2*y - x - 2. Suppose 6*p + 16 - 124 = y. What is the tens digit of p?
1
Let q(w) = 2*w**2 + 10*w + 7. Let s be q(-7). What is the units digit of 9/((s/(-30))/(-7))?
4
Let m = 138 + 111. What is the units digit of m?
9
Suppose -5*s - 3*j + 133 = 0, -4*s + 90 = -5*j - 46. What is the units digit of s?
9
What is the tens digit of 6 - (-5 + -1238 + -3)?
5
Let z(c) = c**2 + 6*c + 34. What is the tens digit of z(-6)?
3
Let x(k) = 5*k. Let v be x(3). Let c(r) = -r**3 - 17*r**2 + 18*r - 6. Let g be c(-18). What is the units digit of (-146)/(-10) - g/v?
5
Let q = -386 + 571. What is the hundreds digit of q?
1
Suppose 0 = 2*f + 3*b - b, 0 = -5*f - b + 8. Suppose 0*v = 4*p + v - 234, -126 = -f*p + 4*v. What is the units digit of p?
9
Let o(q) = -14 + 13*q**2 - 34*q**2 + 22*q**2 - 15*q. Let p be o(16). Suppose p*w - 27 = 5*h + 3, 3*h = 0. What is the units digit of w?
5
Suppose 0 = -4*k + 2*k - 312. Let u = k - -243. Suppose -2*b + 5*b - u = 0. What is the tens digit of b?
2
Let o(g) = -g**3 - 7*g**2 - 2*g - 7. Suppose 4*a + 21 = -7. Let q be o(a). Suppose -j - 5*h - 7 = -0, -j + 2*h = -q. What is the units digit of j?
3
What is the units digit of -4 + (-248)/(-1) + 7?
1
Suppose -2*l + 3*l + 3 = -4*u, 4*u = 5*l - 33. Suppose 0 = -l*d + 48 + 62. What is the tens digit of d?
2
Let u = 7 - -2. Let k be 1/(-3) + 3720/u. What is the tens digit of k/28 - 3/4?
1
Suppose -3 = 5*q - 2*q. Let j be (-36)/12*1/q. Suppose 0 = j*p - 125 + 23. What is the tens digit of p?
3
Let v(m) = -m**3 - m**2 - 2*m + 6. Let i be v(0). Suppose 0 = 2*a + 2*k - i*k - 82, -2*a - 3*k + 82 = 0. Let p = -29 + a. What is the units digit of p?
2
Let r(p) = -18*p - 8. What is the units digit of r(-13)?
6
Let f be 1 + 28 + (-3 - (1 + -2)). Let z = f - -79. What is the units digit of z?
6
Let c(z) = -6*z - 12. Let a be c(-3). Suppose u + u = a. What is the units digit of u?
3
Suppose -3*t = -2142 - 576. What is the hundreds digit of t?
9
Suppose 0 = -2*z - 182 + 1142. What is the tens digit of z?
8
Let t(m) be the third derivative of m**5/5 + m**4/24 + m**3/3 - 12*m**2. Let w(a) = a**3 + 7*a**2 + 5*a - 7. Let y be w(-6). What is the tens digit of t(y)?
1
Suppose 427 = r - 5*p, -r - 2*p + 410 = 4. What is the units digit of r?
2
Suppose -5*h + 4*h = g - 585, 5*g = -2*h + 2922. What is the hundreds digit of g?
5
Let i(w) = -w**2 + 13*w - 3. Let l be i(5). Suppose -3*o = -3, -24 = -u - 4*o + 32. Let f = u - l. What is the units digit of f?
5
Let w(t) = -6*t**2 + 2*t + 141. What is the units digit of w(0)?
1
Suppose 29523 = 43*z - 62712. What is the tens digit of z?
4
Suppose -t - 2*a = -624, -t - 5*a = -506 - 112. What is the hundreds digit of t?
6
Suppose 0*u + a = u - 1, 4*u + 4*a = 44. Let p be (-1)/3 - (-14)/u. Suppose -p*t + 38 = 10. What is the units digit of t?
4
Let m(t) be the second derivative of -3*t**5/4 + 5*t**3/6 + 4*t**2 - 17*t. What is the units digit of m(-2)?
8
Let o = -248 - -238. Suppose z + 4 = -0. What is the tens digit of (16 + 0)*o/z?
4
What is the tens digit of -5*6/165 + (-272728)/(-88)?
9
Suppose 3*k + 4*l - 1118 = 0, -1902 = -5*k + 2*l + l. What is the units digit of k?
8
What is the units digit of 52/182 + (5750/14 - -2)?
3
Suppose -4*s - 533 + 3749 = 0. What is the hundreds digit of s?
8
Let w(l) = 416*l**2 - 41*l + 79. What is the units digit of w(2)?
1
Suppose 4*l + 504 = 16*l. What is the tens digit of l?
4
Let s = -770 + 1187. What is the tens digit of s?
1
Let r = -8 + 2. Let h(u) = -2*u - 9. Let b be h(r). Suppose -b = 5*k - 93. What is the units digit of k?
8
Suppose 149 = q - 3*r, -2*q - 2*r - 771 = -7*q. Let p = q + -44. What is the tens digit of p?
1
Let j(s) be the third derivative of s**5/60 - 11*s**4/24 - s**3 - s**2. Let a = 26 - 14. What is the units digit of j(a)?
6
Suppose -2*u - 3*x = -9, 4*u + 0*u = 4*x - 32. What is the units digit of 92/u*1*90/(-60)?
6
Suppose 12666 = 15*q - 9204. What is the units digit of q?
8
Let l = -13 - -19. Let y be (0 + 10/15)*l. Suppose -y*u + 5*o + 293 = 0, -4*u + 3*o + 434 = 151. What is the tens digit of u?
6
Suppose 4*m = 12 - 4. Suppose 3*w = -m*b + 86, 5*w - 29 - 93 = 2*b. What is the tens digit of w?
2
Let w(y) = 7*y**2 + 6*y + 7. Let x be w(-2). Suppose 22 + x = 3*l. What is the tens digit of l?
1
Let i be -5*(8/(-4) + 1). Suppose 5*n - 5*q = 450, i*q - 26 - 88 = -n. What is the units digit of n/4 + (-1)/2?
3
Let d = -257 + 750. What is the tens digit of d?
9
Let o(b) = 7*b**2 - 6*b + 92. What is the tens digit of o(8)?
9
Suppose 1135 = -b - 4*b. What is the tens digit of (b - (-1)/((-4)/12))/(-2)?
1
What is the tens digit of (-646)/(-3) - (-13)/(-39)?
1
Suppose -2*q - 3*c - c + 2740 = 0, -q + 1374 = -2*c. What is the thousands digit of q?
1
Let n(k) = k**2 - 2*k. Let x be n(-3). Let u(s) = -s**3 + 15*s**2 + 9*s + 6. What is the hundreds digit of u(x)?
1
What is the units digit of ((-2)/(-3))/((-6)/36*-1)?
4
Suppose 17*p = 18*p - 18. Let t be (-1 + -2)*(-6)/p. What is the tens digit of (t/2)/(21/2898)?
6
Let k(o) = -3*o**3 + o**2 + 8*o + 11. What is the units digit of k(-8)?
7
What is the units digit of 4 + ((-31380)/(-21) - 2/7)?
8
Let s be 9 + 7/(14/6). Let z(b) = -2*b + 2. Let f be z(2). What is the units digit of (s/(-8) - f)*38?
9
What is the thousands digit of (-17)/68 - (-56452)/16?
3
Let u(p) = 15*p - 31. Let k(g) = 10*g - 21. Let f(w) = -7*k(w) + 5*u(w). What is the tens digit of f(4)?
1
Suppose 13 = 2*w + 5*c, 2*w = -c - 2 + 11. Suppose 4*j - 5 - 15 = 0. Suppose w*q + 2*m - 128 = -m, j*m = 0. What is the tens digit of q?
3
Let d(a) = -2*a**2 + 1 - 1 - 7 + 0*a + 4*a**3 + 5*a. Let n be d(4). Let v = n + -166. What is the tens digit of v?
7
Suppose 13*x - 1826 = 2581. What is the hundreds digit of x?
3
Let a = 89 + -23. Let l be (-57)/(-11) - (-2)/(-11). Suppose t - a = l*q, -3*q - 259 = -5*t + 5. What is the tens digit of t?
5
Let g(m) = m**2 + 21*m - 7. Let x be g(-23). Suppose 6*b - x = 15. What is the units digit of b?
9
Let h = -100 + 283. What is the units digit of h?
3
Let z(c) = 28*c - 101. What is the tens digit of z(17)?
7
Let l(q) = 4*q**2 - 2*q - 20. What is the units digit of l(7)?
2
Suppose -i - 4637 = -4*g - 379, g - 1054 = -5*i. What is the tens digit of g?
6
Suppose 3*w + 2*l = 4*l + 12, 4*w = -3*l + 16. Suppose 4*v - 3*q - 508 = -0*q, -4*q - 504 = -w*v. What is the tens digi